f)?
8
Let u(a) = 29*a - 35 + 20 + 14 + 33*a + 11. Let d(c) = -6*c - 1. Let y(z) = 10*d(z) + u(z). Let l = 3 - 7. Give y(l).
-8
Let g(p) be the third derivative of -p**5/60 + 5*p**4/12 + 12*p**3 - 48*p**2 - 17*p. Determine g(14).
16
Let o(a) be the first derivative of -a**3/3 - 5*a**2 + a + 2. Suppose -25*p - 37 - 213 = 0. Calculate o(p).
1
Suppose -3*p + 22 = -49*f + 50*f, -4*f + 32 = 5*p. Let i(m) = -8*m + 63. Determine i(p).
-1
Suppose -13 = -5*b + 2*d, 4*b - 4 = d + 7. Let p(y) be the second derivative of -1/2*y**3 + 5/12*y**4 + 3/2*y**2 + 84*y + 2 - 1/20*y**5. Determine p(b).
12
Let k be (-18)/4*1340/(-402). Let v(c) = c**3 - 16*c**2 + 14*c + 2. Give v(k).
-13
Suppose -3 = 3*c + 3. Let u = -160 - -166. Let a(d) = -8*d + 7*d - 1 - u*d - 2. What is a(c)?
11
Let x = 348 - 484. Let o = 132 + x. Let p(g) = g**2 + g - 3. Calculate p(o).
9
Let v(a) be the second derivative of -a**5/60 + 7*a**4/12 + 5*a**3/2 - 129*a**2/2 - 140*a. Let d(f) be the first derivative of v(f). Determine d(15).
0
Let t be (105/(-2))/((-120)/1280). Let k = t - 553. Let b(x) = 2*x + 5. Give b(k).
19
Let h(o) = -5*o**2 + 117*o - 235*o + o**2 + 74*o - 2*o**2 - 10. What is h(-7)?
4
Let h(g) = g - 2. Let x(v) = 5*v**2 - 15*v + 18. Let q(p) = -h(p) - x(p). Let k(c) = 4*c**2 - 12*c + 14. Let d(f) = -6*k(f) - 5*q(f). Give d(-4).
4
Suppose 2*f - 22 = -5*n, -5*n + 6 = -2*f + 8. Let a = f - 1. Suppose -a*z + 13 = -q, -q - 13 + 4 = -3*z. Let v(x) = -3*x - 1. Determine v(q).
8
Suppose -96 = 561*p - 549*p. Let t(y) be the second derivative of y**4/12 + 2*y**3/3 - 9*y**2/2 + 13*y. Give t(p).
23
Let b(n) = -52*n + 2. Let j(a) = 2*a**2 - 98*a - 99. Let k be j(50). What is b(k)?
-50
Let c(h) = -7*h - 1. Let d(z) = 6*z**2 + 55 + z**3 - 48 + 0*z**3. Let m be d(-7). Let k = -44 - m. Calculate c(k).
13
Suppose 43 - 31 = 3*l. Suppose l*b - v + 9 = 0, -5*v = 5*b - 0*v + 5. Let q(k) = -k**3 + 2*k**2 + 3*k. Give q(b).
10
Let x(r) = -3*r**2 + 17*r - 5. Let w(o) = 2*o**2 - 26*o - 275. Let b be w(20). Calculate x(b).
5
Let p = 40 + -38. Suppose 4*z = -2*c + 6, -5*c + p*z = -z - 28. Suppose -c*m = -5*t - 25, 5*t - 5 = 2*t - m. Let u(k) = k**2 - 5. Determine u(t).
-5
Suppose -2*l - 72 = -4*m, -3*l - 123 = -5*m - 6*l. Let i(y) = y**3 - 21*y**2 + 3*y - 59. Determine i(m).
4
Suppose 7*q - 2*q = 0. Let i(u) be the second derivative of -u**4/12 + u**3/3 + 5*u**2/2 + 1427*u. Give i(q).
5
Let g be 12/(-9)*((-45)/(-6))/5. Let f(c) = 3*c**2 + 9. Let h(z) = -4*z**2 - 10. Let d(k) = g*h(k) - 3*f(k). Let n be (-1 - -1)/(3 - 0). What is d(n)?
-7
Let g(b) = 22*b**2 - 8*b + 6. Let r(t) = 4*t**2. Suppose 923 = -2*j + 925. Let n(v) = j*g(v) - 5*r(v). Calculate n(6).
30
Let m be 36/(-522) + 690/(-87). Let p(z) = z**2 + 7*z. Let u(s) = -1. Let l(b) = -p(b) + 5*u(b). Determine l(m).
-13
Let x(z) = -13 - 403*z + 2*z**2 - z**3 + 0*z**3 + 405*z. What is x(0)?
-13
Let n(x) be the second derivative of -x**3/3 - 4*x**2 + 1977*x - 1. Let c = 10 - 17. Determine n(c).
6
Let y(n) = 5 - 32818*n - n**3 + 23*n**2 + 32817*n + 17. Determine y(23).
-1
Let p(b) = -5*b - 4. Let y(n) = -12*n - 7. Let q(w) = -14*w - 184. Let d be q(-13). Let m(t) = d*y(t) + 5*p(t). Calculate m(0).
-6
Suppose -2 = 2*u, -15 = 5*r - u + 9. Let v(g) = -g**3 - 4*g**2 + 6*g - 4. Give v(r).
-9
Let b(l) be the third derivative of l**4/8 + l**3/3 + 728*l**2. Give b(-6).
-16
Let f(z) be the first derivative of 1/4*z**4 - 1/2*z**2 - 8*z - 79 + 11/3*z**3. Give f(-11).
3
Suppose 2*i = 120 - 88. Let z(t) = -7 - 27*t + 27*t - i - t**2 - 16. Calculate z(0).
-39
Let p be 21/2*(5 + (-91)/21). Let u(t) = -10*t**2 + 26*t + 2. Let c(d) = -7*d**2 + 18*d + 1. Let b(n) = 7*c(n) - 5*u(n). Give b(p).
18
Suppose -r - 12*p + 17*p = 659, 5*r + 3295 = p. Let f = r + 658. Let b(z) = z + 2*z + z. What is b(f)?
-4
Suppose -72 = 50532*y - 50526*y. Let v(z) = 3*z**2 + 26*z - 23. Calculate v(y).
97
Suppose 3*b - 22 = b. Let m(d) = 9 + 11*d - 5*d**2 - 7*d**2 + 76*d**3 + 85*d**3 - 160*d**3. Calculate m(b).
9
Let w(n) = -n**3 - 4*n**2 + 8*n + 1. Suppose x - 3 = 4*x - 3*v, 11 = -5*x + 3*v. Calculate w(x).
-31
Let i(w) = w**3 - 4*w**2 + 7*w - 3. Let k be i(2). Let v(x) = -4*x + 11. Let c(o) = 2. Let t(j) = 6*c(j) - v(j). Determine t(k).
13
Let k be ((-72)/40)/(2/(-10)). Let z = k + -8. Let i(h) = 8*h**3 + h**2 - 4*h. Let s(f) = -16*f**3 - 2*f**2 + 7*f. Let m(q) = -7*i(q) - 4*s(q). Determine m(z).
9
Let k(g) = 2 - 32470*g + 32469*g - 3. Calculate k(-7).
6
Let d(y) = -4*y**2 - 7*y - 2. Let w(m) = -17*m**2 - 23*m - 9. Let r(x) = -4*d(x) + w(x). Let q(f) = 3*f**3 + 2*f**2 - f. Let o be q(1). What is r(o)?
3
Let j(r) = 88*r**3 - r**2 + 1. Suppose 24*c = -461 + 485. Calculate j(c).
88
Suppose 4*x - 11 = -3. Suppose -5*o - d = -0*o + 15, -3*o + x*d = -4. Let t(y) = 4*y**3 - y**2 - 3*y - 3. Determine t(o).
-33
Let v(k) = 39*k - 75. Suppose 9*g - 2*g = -5*j - 25, 0 = 5*j + 3*g + 5. Calculate v(j).
3
Let l(d) = -2*d - 63. Let i(u) = -28*u**2 - 258*u + 259. Let a be i(1). What is l(a)?
-9
Let t(r) = r**2 - 11*r + 61. Suppose -17*s - 80*s = -307 - 566. Calculate t(s).
43
Let x(y) be the second derivative of -11*y**6/720 + y**5/40 + 33*y**4/4 + 37*y + 1. Let s(v) be the third derivative of x(v). What is s(3)?
-30
Let c(n) be the second derivative of n**5/10 + n**2/2 - 799*n. Calculate c(-3).
-53
Let y(v) = v**2 + 13*v + 35. Suppose -p = -4*q - 24, -5*q + p - 36 = -7. Calculate y(q).
-5
Let j be 19 + (6 - (-3)/(-1)). Let n(r) = 37 - 8*r - j - 16. Let y = 8 + -9. Determine n(y).
7
Let c(q) = -3*q - 60. Let s = -10144 - -10122. Give c(s).
6
Let t(h) = -25*h - 4*h**2 - 1 + 6*h + 0 - h**3 - 2 + 13*h. Calculate t(-4).
21
Let f(m) = 2*m**3 + 62*m**2 - 10*m + 9. Let c(t) = -t**3 - 29*t**2 + 4*t - 5. Let a(p) = -5*c(p) - 2*f(p). What is a(-21)?
7
Let c(n) = -16*n**3 - 21*n**2 + 32*n + 22. Let g(w) = -1865*w**3 - 10 - w + 10*w**2 - 14*w + 1872*w**3. Let p(r) = 3*c(r) + 7*g(r). Determine p(-8).
4
Let w(p) be the first derivative of p**3 + 3*p**2/2 - 10*p + 2764. Determine w(2).
8
Let t(m) = 7*m**2 - 22*m + 204. Let r(k) = 3*k**2 - 11*k + 85. Let i(c) = -5*r(c) + 2*t(c). Give i(8).
7
Let l(o) be the first derivative of 2*o**3/3 + 93*o**2/2 + 143*o - 987. Determine l(-45).
8
Let w(u) = -22*u - 2. Suppose 303*g + 72 = 339*g. Determine w(g).
-46
Let l(q) be the first derivative of -43*q**2 + q - 7785. Calculate l(-1).
87
Let w(d) = -28*d**2 - 3*d + 2. Suppose 6*r - a = 4*r + 1, 3*r - 2*a - 1 = 0. Determine w(r).
-29
Let s be (-6)/(-12)*343 - 2/(-4). Let f = s - 166. Let q(k) = -k**2 + 6*k + 4. Calculate q(f).
4
Let y(s) be the second derivative of -86*s + 1/3*s**3 + 0 + 1/2*s**2. Suppose 0 = k + 1 + 2. Determine y(k).
-5
Suppose 5*d - 4 - 1 = -5*y, -y + 3 = 3*d. Suppose -w - 36 + 53 = y. Let g(l) = -18*l + 6 - w*l + 32*l. Determine g(4).
-6
Suppose t + 3 - 1 = 2*p, 5*p - 19 = -t. Suppose t*m = m - m. Let b(c) = 0 - 11*c**2 - 10 + m*c + c + 3*c**2 + c**3. Calculate b(8).
-2
Let l(b) = -3*b**2 - b - 4. Let v(y) = 13*y**2 + 10*y - 7*y + 5 + 11. Let w(d) = 9*l(d) + 2*v(d). Suppose 2*u + 2*u + 24 = 0. Determine w(u).
-22
Let y(p) be the third derivative of p**7/336 - p**6/720 - 67*p**5/30 + 13*p**2 - 6. Let o(w) be the third derivative of y(w). Calculate o(-1).
-16
Let o = 34 - 18. Suppose 0 = 2*i + 2*f - o, -4*f + f = 5*i - 42. Let k(u) = u - 9. What is k(i)?
0
Let f(k) be the third derivative of k**5/60 - 7*k**4/4 + 61*k**3/3 - 1356*k**2. Determine f(39).
5
Let r(j) be the second derivative of j**3/6 - 2621*j. Suppose 0 = -l + 4, -y - 4*l = y - 12. What is r(y)?
-2
Let x(i) be the first derivative of 2*i**3/3 + 15*i**2/2 - 13*i - 130. Determine x(-8).
-5
Let g be ((-10)/(-25) - 112/(-20)) + (33 - 9). Let o(w) = -9*w + 266. Give o(g).
-4
Let o(i) = -3570*i**3 + 12*i + 11 + 3571*i**3 + 11*i**2 + 0*i. Let y(s) = -3*s - 40. Let j be y(-10). Calculate o(j).
-9
Let o be (-13 - -3) + 1*2. Suppose 5*m = 7*m + 3*t + 6, -15 = 5*m + t. Let g = o - m. Let b(f) = 2*f + 2. Calculate b(g).
-8
Let j(s) = 7*s**2 + 8*s + 26. Let g(i) = 190*i**2 + 220*i + 715. Let y(z) = -4*g(z) + 110*j(z). What is y(-1)?
10
Suppose 417*c - 240 = 477*c. Let k(y) = 2*y**2 - 2*y - 30. What is k(c)?
10
Let h(f) be the first derivative of -14*f + 18*f - 6 + 67 - f**2. Calculate h(-3).
10
Let r(n) = 344*n - 294*n - 1 - 15*n**2 - 1 - 4 + 18*n**2. Calculate r(-17).
